et m(n) be the third derivative of -n**5/60 - n**4/8 + 2*n**3/3 - 3*n**2. Calculate m(-5).
-6
Let t(y) = -2*y + 6. Let i(d) = -7*d + 9. Let m(q) = 15*q - 17. Let h(c) = -9*i(c) - 4*m(c). Let n(z) = 3*h(z) + 5*t(z). Give n(-7).
-2
Let u = 0 + 1. Let h(b) be the third derivative of b**5/12 - b**3/6 - 56*b**2 + b. Calculate h(u).
4
Let i be ((-30)/9)/(4/6). Let l(m) = m**2 - 3*m + 6. Let q(d) = -5*d**2 + 11*d - 25. Let s(v) = 9*l(v) + 2*q(v). Calculate s(i).
4
Let w(s) = s - 14. Let g(y) = y - 15. Let u(p) = 6*g(p) - 7*w(p). Give u(11).
-3
Let c(i) = i - 1. Suppose 0*n + 4*n = 2*q + 6, n - 9 = -q. Let j = q - 7. Determine c(j).
-3
Let a(h) = -19*h - 16*h - 8 - h**2 + 27*h. Determine a(-7).
-1
Let r(s) = -117*s + 28*s + 29*s + 31*s + 32*s. Let z be ((-2)/(-2))/(1 - 2). Let p = z - 3. Determine r(p).
-12
Let g(h) be the second derivative of -h**4/12 + 11*h**3/6 + h**2/2 + 9*h. Determine g(10).
11
Let r(u) = -u + 3. Suppose 12 = 4*h + 4. Suppose 0 = z - h*z - 5*a - 11, -5*z + 23 = -a. Suppose -1 = z*b - 0*b + 5*q, -2*q = 3*b + 6. Calculate r(b).
7
Let b = -5 + 8. Let m(d) = -2 + 3 + b*d - 4*d. Let v = 8 + -9. Calculate m(v).
2
Let d(x) be the first derivative of -x**2 - 1. Suppose 0 = -2*b - 5*g + 3*g + 14, -3*b = 2*g - 20. Let c be 4/(-1)*(-3)/b. What is d(c)?
-4
Let l be 4 + 2 + 2 + -6. Suppose 4*m + 4 = -4*q + 2*q, -5*q + 3*m = -16. Let k(t) = 1 + t**q - t - 1 - t**3. What is k(l)?
-6
Let n = -1 + -2. Let h(d) = d - 2. Calculate h(n).
-5
Let r(k) = 2 + k + 2 - 10 + 4. Let f(b) = -b**3 + 4*b**2 + 4. Let h be f(4). Give r(h).
2
Suppose -2 - 2 = 4*d. Let f be -4 - (-1 + 0)*d. Let v(w) = -w**3 - 5*w**2 + w - 5. What is v(f)?
-10
Let g(d) = d**3 - 5*d**2 + d - 8. Let m(u) = -u**2 + u - 1. Let k(h) = g(h) - 4*m(h). Determine k(3).
5
Let q(l) = -l**2 + 4*l + 6. Suppose -5*w + 30 = -2*w. Suppose -2 = 2*z - w. Let x be ((-6)/(-9))/(z/30). What is q(x)?
1
Let q(p) be the first derivative of p**2 - 8*p - 11. Calculate q(6).
4
Let c(h) = h**2 - 4*h - 1. Let j = 70 + -65. Calculate c(j).
4
Suppose -m - 4*m = 3*d - 22, -4*d + 6 = 2*m. Let s(c) = -7*c + 3*c + m*c + 0 + 1. What is s(5)?
6
Let b be -2*1/4*6. Suppose 5*i - 2*i = 6. Let k(v) = 2*v - 2*v - i - 2 - v. Calculate k(b).
-1
Let c(a) = 7*a + 5. Let d(h) = 8*h + 6. Let t(z) = -7*c(z) + 6*d(z). Suppose -5*o = 2 + 8. What is t(o)?
3
Let q(s) = s**2 + 4*s + 2. Let k = -2 - 2. Determine q(k).
2
Let r(h) = -h**2 - h. Let q(n) = -14*n**2 - n - 1. Let x(a) = -q(a) + 3*r(a). Give x(1).
10
Let d(m) = 10*m**2 - 22*m - 11. Let b be -2*(-2 + (-44)/(-8)). Let w(r) = 3*r**2 - 7*r - 4. Let u(k) = b*w(k) + 2*d(k). Calculate u(5).
6
Let c(l) = -l**2 + 5*l + 2. Suppose 4*i + 1 = 3*i. Suppose 0 = -4*v - 2*u + 10 + 4, 0 = -5*v + 4*u + 37. Let s = i + v. What is c(s)?
6
Let o(x) be the first derivative of -x**4/12 - x**3/3 - 3*x - 2. Let v(k) be the first derivative of o(k). Give v(2).
-8
Suppose 3*i = 6 - 0. Let k(j) = -7*j**3 + 11*j**2 + 3*j + 6. Let d(o) = 0*o - o + 1 + 3 - 5*o**2 - 7 + 3*o**3. Let a(g) = i*k(g) + 5*d(g). Determine a(3).
0
Let v(i) be the first derivative of -3*i + 1/12*i**4 - i**2 - 1 - 2/3*i**3. Let h(k) be the first derivative of v(k). Give h(5).
3
Suppose -5*d - 13 = -3*f, -4*d - 18 = -2*f - 6. Let w(i) = -i**3 - 4*i**2 - 3. What is w(f)?
-3
Let j(l) = -l**3 + 6*l**2 - l + 6. Let h = -9 - -15. Determine j(h).
0
Let k be 2/5 + (-54)/(-15). Let r(u) = -u + k - 3 - u + 2*u**2 - 11*u**2. Let p = 4 - 3. What is r(p)?
-10
Let c(z) = z**2 - 6*z + 4. Let l be c(5). Let s(o) = 8*o**2 - 1. Calculate s(l).
7
Let t(z) = -z + 8. Let k be t(5). Let d = 8 - k. Suppose 5*w = -d + 20. Let g(c) = c**3 - c**2 - 5*c + 2. Calculate g(w).
5
Let r(d) = -10*d**3 + 9*d**2 - 10*d + 19. Let i(x) = 7*x**3 - 6*x**2 + 7*x - 13. Let f(v) = 7*i(v) + 5*r(v). Give f(3).
1
Let c(g) be the third derivative of g**6/120 - g**5/30 - g**4/8 - g**3/6 - 2*g**2. Suppose -a - 6 = -2*t, -9 = -3*t - 3*a + 8*a. What is c(t)?
-1
Suppose -5*c - 2*t - 5 = -1, 5*c = 2*t - 16. Suppose 4*i = -3*v - 5, -3*v - 3*i + 3 = 9. Let a be v/(-9) - c/3. Let z(w) = 6*w**3 + w**2. Calculate z(a).
7
Let o(h) be the third derivative of -h**5/60 + h**4/12 + h**2. Suppose -4*v + 5*z - 20 = 0, -4*z - 6 = -5*v + 4*v. Let g = v + 14. Determine o(g).
-8
Let k(j) be the third derivative of j**5/60 - j**4/12 - 6*j**2. Determine k(-4).
24
Suppose 5 + 5 = 5*f. Let p(c) be the third derivative of -c**6/120 + c**5/60 - c**4/24 - 5*c**2. What is p(f)?
-6
Let y = -6 + 9. Let z = -15 + 31. Suppose -4*r - z = b, 0 = -y*b + 5*b. Let u(p) = -p**3 - 4*p**2 - p + 1. Give u(r).
5
Suppose 7*h + 20 = -15. Let p(y) = -y**3 - 5*y**2 - 5*y + 5. Calculate p(h).
30
Let a(q) = -9*q**3 + 12*q**2 + 13*q + 17. Let d(h) = -5*h**3 + 6*h**2 + 7*h + 9. Let t(v) = 6*a(v) - 11*d(v). What is t(-6)?
-3
Let l(a) be the third derivative of 0*a + 1/120*a**6 - 1/10*a**5 - 2/3*a**3 + 0 - 2*a**2 + 5/24*a**4. Give l(5).
-4
Suppose -4*v - 2*l - 16 = 0, 3*v + 2*l = -0*l - 14. Let c(x) = 2*x + 1. Let g = 3 - -4. Let w(b) = -5*b - 3. Let s(t) = g*c(t) + 3*w(t). Determine s(v).
0
Let f = 110 + -118. Let i(l) = -l**3 - 8*l**2 + l + 4. What is i(f)?
-4
Let y(b) = -b**2 - b - 2. Suppose -9*n - 10 = -4*n. Determine y(n).
-4
Suppose 1 = -5*q + l, 5*l = q - 6*q + 5. Suppose -s = -q*s - 5*t - 6, 0 = 4*s - 5*t + 6. Let v(k) = -k**3 - 4*k**2 - 2*k + 1. Calculate v(s).
9
Suppose 2*o + 40 = 6*o. Suppose 7*s = 2*s + o. Let g(b) = -s*b + 2*b**2 - b**2 + 2 - 2*b - 8. Give g(5).
-1
Let h(v) = 2 + 3 - v**2 + 7*v - v. Determine h(6).
5
Let x(g) = g + 1. Let c(u) = 2*u + 2. Let o(r) = 4*c(r) - 7*x(r). Let t be (-8*1)/(0 - 1). Let a = t + -11. What is o(a)?
-2
Let f(i) be the first derivative of i**4/4 - 2*i**3 + 2*i**2 + 7*i - 2. Let t be f(5). Let m be (3 + -2)/(t/6). Let s(v) = v**3 - 2*v**2 - v - 4. What is s(m)?
2
Let t be (-12)/42 - 200/(-14). Suppose -2*a + 0*b = 4*b + t, a - 5*b = 0. Let u(d) = -2*d - 4. What is u(a)?
6
Let n(a) = a**3 + 3*a**2 - 4*a - 4. Suppose -32 = 4*z - 4*m, 2*m - m - 2 = -z. Let w be z/(-3)*-2*2. Determine n(w).
-4
Let g(y) = y**3 - 5. Suppose -6*c - 5*c = -2*c. What is g(c)?
-5
Let m(y) = 13*y - 15*y + 5 + 4. Determine m(8).
-7
Suppose -2 + 12 = 2*o. Suppose -32 = -3*g + 4*x, -5*g + 20 = -2*x - 10. Let n(d) = d - 2*d**3 + g*d**2 + 2*d + o + 3*d**3. Determine n(-4).
-7
Let d(z) = -z - 7. Suppose -3*i - 90 = -0*i. Let a be 5/10 - i/(-4). What is d(a)?
0
Let d = -23 + 27. Let f(v) = v**2 - 3. What is f(d)?
13
Let d(s) = -9*s + 2 + 4*s**2 + 16*s - 3*s**2 - 1. Determine d(-5).
-9
Let n be ((-20)/2)/(-1 - -2). Let k = 7 + n. Let b = k - -4. Let z(r) = 6*r**3 + r - 1. What is z(b)?
6
Let d(r) be the third derivative of r**6/360 + r**5/40 - r**4/4 + r**3/3 - 2*r**2. Let y(s) be the first derivative of d(s). What is y(-5)?
4
Let o(t) = t. Suppose -1 = -5*p - 6. Let s(x) = -x. Let a(c) = c**2 + 3*c. Let q(f) = a(f) - 4*s(f). Let m(i) = p*q(i) + 6*o(i). Give m(0).
0
Let s(b) = -b**2 - b + 7. Let k be s(0). Let i(p) = p**2 - 6*p - 2. What is i(k)?
5
Let f(o) = 2*o**3 + 5*o**2 + 5*o. Let m be 2/((-2)/(-7)) + 2. Let l be (-1)/(-3) - 12/m. Let k(n) = -n**3 + 1. Let g(t) = l*f(t) - k(t). Calculate g(-4).
3
Suppose h = 3 - 2. Let t(b) be the third derivative of -b**4/24 + 2*b**2. Let u(a) = 3*a - 2. Let o(f) = h*u(f) + t(f). Determine o(3).
4
Let r = -10 - -12. Let w(o) = -o**3 + o**2 - 3*o + 3. Determine w(r).
-7
Let p(n) = 9*n - 37. Let y be p(4). Let r(z) = 5*z**2 - 1. Determine r(y).
4
Let v(c) = 0*c + 6*c + 2*c - 1. Suppose 1 = -q + 2. Calculate v(q).
7
Let z(w) = -9*w**3 - 2*w**2 + 4*w - 2. Let m(d) = -13*d**3 - 3*d**2 + 6*d - 3. Let t(a) = 5*m(a) - 8*z(a). Give t(1).
7
Let k(w) = -5*w + 1. Let n(c) = c**2 - 2*c - 1. Let v be n(2). Give k(v).
6
Let k(m) = -m**3 - 4*m**2 - 3*m + 1. Let t be k(-3). Let u(i) = -i - 1. Let j be u(t). Let p(v) = -v**3 + 2*v + 1. Calculate p(j).
5
Let p = 2 + 0. Let t(h) = 6*h - 1. Calculate t(p).
11
Let j = -3 + 6. Suppose -18 + 6 = -j*q. Let s = q - 8. Let t(m) = m**3 + 3*m**2 - 4*m - 5. Calculate t(s).
-5
Let l(n) be the first derivative of -2*n - 2/3*n**3 - 1 + 5/2*n**2. Calculate l(3).
-5
Let q(y) = -15*y**2 - 8*y + 13. Let b(a) = -8*a**2 - 4*a + 7. Let v = -2 + -4. Let w(l) = v*q(l) + 11*b(l). Determine w(-3).
5
Let w = 57/2 - 28. Let p(x) be the second derivative of -4*x + 1/12*